hat is the greatest common factor of 69462 and 2306547?
2043
What is the greatest common factor of 16058 and 435860?
2294
What is the highest common factor of 18096 and 4089?
87
Calculate the highest common factor of 117027786 and 30.
6
Calculate the highest common divisor of 6958 and 1074962.
98
Calculate the greatest common divisor of 266221714 and 835.
167
Calculate the highest common divisor of 24 and 23304504.
24
Calculate the highest common divisor of 247941702 and 1836.
918
What is the greatest common factor of 776140 and 3020?
3020
What is the highest common divisor of 341515319 and 8743?
1249
What is the highest common factor of 68 and 190082066?
34
What is the highest common divisor of 59157 and 1451381?
313
What is the highest common divisor of 104 and 75051496?
104
What is the highest common divisor of 22 and 490695623?
11
What is the highest common factor of 93852 and 544104?
1188
What is the greatest common factor of 558 and 24579234?
18
What is the greatest common factor of 3216640 and 208?
16
What is the greatest common divisor of 122 and 82885519?
61
What is the highest common divisor of 187847 and 99?
11
What is the greatest common divisor of 6969112 and 32433?
569
Calculate the greatest common divisor of 195744 and 1760.
32
Calculate the highest common factor of 1070 and 77317665.
535
What is the highest common factor of 5004 and 57268?
556
What is the greatest common divisor of 53426184 and 28?
28
What is the highest common divisor of 4471 and 122893?
17
Calculate the highest common divisor of 35514955 and 560.
35
Calculate the greatest common divisor of 561110 and 46310.
110
What is the highest common factor of 96600 and 3915060?
1380
Calculate the greatest common factor of 23466 and 500819194.
7822
Calculate the greatest common factor of 1468298 and 221.
13
Calculate the greatest common factor of 285795 and 6235.
145
Calculate the greatest common divisor of 786082 and 22.
22
Calculate the greatest common factor of 2980 and 3364420.
2980
Calculate the highest common factor of 96096222 and 2195.
439
Calculate the highest common factor of 802287 and 21137.
919
What is the greatest common divisor of 46335168 and 2678?
206
Calculate the highest common factor of 15774404 and 553.
79
What is the greatest common factor of 35 and 138198487?
7
Calculate the greatest common divisor of 13017153 and 27111.
3873
Calculate the highest common factor of 11824142 and 21186.
2354
Calculate the highest common divisor of 7159623 and 94020.
4701
Calculate the highest common divisor of 325384 and 48442.
914
Calculate the greatest common factor of 28767 and 7864095.
669
Calculate the greatest common factor of 1259 and 78959444.
1259
Calculate the highest common divisor of 8601 and 423329.
47
Calculate the highest common divisor of 3740542 and 39339.
47
What is the highest common divisor of 1365185 and 77095?
85
What is the highest common divisor of 4884 and 3160212?
132
Calculate the highest common factor of 171140 and 73540.
20
What is the highest common divisor of 1875 and 12276885?
15
What is the highest common factor of 2392352 and 18448?
16
Calculate the highest common divisor of 2 and 33473512.
2
What is the highest common divisor of 1036462 and 12726?
1414
Calculate the greatest common factor of 53505 and 114753.
87
What is the greatest common divisor of 6254371 and 1149623?
10547
What is the greatest common factor of 2523545 and 415?
5
What is the highest common factor of 15713285 and 665?
665
Calculate the greatest common factor of 4212 and 266321196.
324
What is the highest common divisor of 1801970 and 34865?
1835
Calculate the greatest common factor of 504362 and 1.
1
What is the greatest common factor of 14732 and 858012?
508
Calculate the highest common divisor of 38231568 and 4320.
432
What is the highest common factor of 1368388944 and 117?
117
Calculate the greatest common factor of 91 and 2031988.
7
Calculate the greatest common divisor of 98536 and 1111016.
904
What is the greatest common divisor of 24883690 and 15?
5
What is the greatest common factor of 11096537 and 1333?
43
Calculate the greatest common factor of 1642923 and 45.
9
What is the greatest common divisor of 3632952 and 2728?
248
Calculate the greatest common factor of 397210 and 71170.
110
What is the highest common factor of 283 and 5159939?
283
What is the greatest common factor of 5710166 and 7546?
1078
Calculate the greatest common factor of 151242 and 722139.
831
What is the highest common divisor of 21634 and 660214?
58
Calculate the highest common factor of 107440 and 3744505.
85
Calculate the greatest common factor of 174898297 and 518.
259
Calculate the greatest common factor of 44 and 823804.
4
Calculate the greatest common divisor of 2179776 and 34656.
96
What is the greatest common factor of 11034 and 63270?
18
Calculate the highest common factor of 2376041820 and 6.
6
What is the highest common factor of 823055 and 1244055?
2105
Calculate the greatest common divisor of 495 and 76394835.
495
What is the greatest common divisor of 16836 and 107864043?
4209
What is the greatest common divisor of 2576 and 965817104?
2576
What is the greatest common divisor of 34 and 110586479?
17
What is the greatest common factor of 71632 and 7343248?
1936
Calculate the greatest common factor of 3385248 and 20406.
1074
What is the greatest common divisor of 65992 and 165272?
584
Calculate the greatest common factor of 332528568 and 1891.
1891
What is the highest common factor of 124508 and 4012?
68
What is the highest common divisor of 265 and 49370?
5
What is the highest common divisor of 6210 and 15115?
5
What is the greatest common divisor of 200 and 176364700?
100
What is the highest common factor of 46019992 and 8?
8
What is the greatest common factor of 21162518 and 986?
986
What is the highest common divisor of 12630957 and 33321?
1149
What is the highest common factor of 1898 and 13270378?
146
Calculate the greatest common divisor of 324 and 3588516.
108
What is the highest common factor of 76626 and 54438?
258
Calculate the highest common factor of 976 and 10664944.
16
Calculate the highest common factor of 894978 and 351792.
126
Calculate the highest common divisor of 9784973 and 1199.
11
What is the greatest common divisor of 380 and 13042265?
95
Calculate the greatest common factor of 3512 and 22079066.
878
Calculate the greatest common divisor of 494565 and 11085.
15
Calculate the highest common factor of 13032 and 759476.
724
Calculate the highest common factor of 4265460 and 28950.
30
Calculate the greatest common factor of 3978 and 278852496.
1326
What is the highest common divisor of 123 and 334527?
3
What is the highest common factor of 21 and 5516553?
21
Calculate the highest common divisor of 796885 and 940.
235
Calculate the highest common divisor of 117 and 5398731.
117
Calculate the greatest common divisor of 13731 and 100165257.
597
What is the highest common factor of 917524 and 2584476?
7004
What is the greatest common divisor of 175734582 and 48554?
4414
What is the greatest common divisor of 40786536 and 5712?
2856
Calculate the highest common divisor of 1356 and 223116918.
678
Calculate the highest common factor of 1696 and 1277.
1
What is the highest common factor of 228 and 154627548?
228
Calculate the greatest common divisor of 1200 and 1250275.
25
Calculate the greatest common factor of 21413042 and 434.
14
Calculate the greatest common factor of 2548 and 2519776.
196
Calculate the greatest common factor of 88 and 561297660.
44
What is the greatest common divisor of 12876999 and 2331?
111
What is the highest common divisor of 110473 and 2272017?
1331
Calculate the highest common factor of 155672755 and 44296.
5537
What is the highest common factor of 20898 and 1220211?
1161
What is the highest common factor of 35174233 and 5435?
1087
What is the highest common divisor of 4487895 and 94145?
95
Calculate the highest common factor of 48716475 and 2261.
323
Calculate the greatest common factor of 363370 and 48930.
70
What is the greatest common divisor of 42212 and 10880692?
244
Calculate the greatest common factor of 69231 and 2705901.
1473
What is the greatest common factor of 2419 and 278513?
41
What is the highest common factor of 